
Suppose y + 22 = -0*y. Let x = y + 29. What are the prime factors of x?
7
Let b(c) = 2*c - 3. Let k be b(3). Suppose 22 = k*j + 4*f - 5, 2 = j - f. List the prime factors of j.
5
Let k(b) be the second derivative of b**3/6 + 5*b**2/2 - 2*b. What are the prime factors of k(5)?
2, 5
Let h(r) = -r**2 + 1. Let s be (-15)/(-9) - 2/3. Let t be h(s). Let u = 8 - t. List the prime factors of u.
2
Suppose -5*l + 42 = -38. Suppose -2*b + 16 + l = 0. List the prime factors of b.
2
Let z(k) = k - 8. Let q be z(11). Suppose -q*j = -16 - 38. What are the prime factors of j?
2, 3
Suppose -4*q + 23 = 5*d, -d + 3*d + 2 = 4*q. Let u be q - 2/4*0. Suppose -3*o + p = u*o - 18, p = -3*o + 14. List the prime factors of o.
2
Let q(t) = t**2 - t + 9. List the prime factors of q(-3).
3, 7
Suppose -3*v = -5*w + 765, w - 5*w = -2*v - 610. What are the prime factors of w?
2, 3, 5
Let z be (15/6)/(-5)*-18. Let x = z - 6. Suppose -x = -2*p + 13. List the prime factors of p.
2
Suppose h + 38 = 3*h. Suppose h = -5*n + 144. List the prime factors of n.
5
Let t(r) = -r + 29. List the prime factors of t(9).
2, 5
Let r be (-1)/(-1) - (11 - 1). List the prime factors of (-38)/r + 10/(-45).
2
Let m = -7 + 12. Let x = 3 + 0. Let b = m - x. What are the prime factors of b?
2
Suppose -2*l + 2*w + 24 = -24, -4*l = -5*w - 101. Suppose 4*p = 12, 5*v = 3*v - 5*p + l. List the prime factors of v.
2
Let g be 4/(1 - 14/13). List the prime factors of g/(-5) - 12/30.
2, 5
Let u(q) = q**3 - 12*q**2 + 12*q. Suppose -2*d + 29 = 7. List the prime factors of u(d).
11
Let m(s) = 4*s - 17. Let h be m(7). Let a = h + -8. List the prime factors of a.
3
Let o(z) = z**2 + 54. What are the prime factors of o(0)?
2, 3
Let i = 1 - -14. What are the prime factors of i?
3, 5
Suppose 2*b + 2*w = -3*b + 650, -2*b + 274 = -2*w. What are the prime factors of b?
2, 3, 11
Let i(p) = -p**3 + 3*p**2 + 6*p - 5. Suppose -4*s = -2*b + 12, 4*b - 4*s - 13 = -7*s. Let t be i(b). Suppose t*w + w - 28 = 0. What are the prime factors of w?
7
Let w(r) = -4*r + 3*r**3 - r - 6*r**2 - 10 - 2*r**3. Let g(z) = -z**2 + 7*z + 1. Let y be g(6). List the prime factors of w(y).
2
Suppose d = 5*d + 2*i - 6, d - 2*i - 9 = 0. Let f be -1 + -1 - (1 + -3). Suppose f = -w + y + 1, -3*y + 0 = -w - d. What are the prime factors of w?
3
Suppose -2*b - 546 = -9*b. What are the prime factors of b?
2, 3, 13
Let u(p) = p**2 + 10*p - 3. Let z be u(-10). Let w(i) = 2*i**2 + 3*i - 2. Let y be w(z). Let c = y - 4. List the prime factors of c.
3
Let d(z) = -z**3 - z**2 - 6*z - 7. What are the prime factors of d(-4)?
5, 13
Let r = 11 + -5. Suppose r = j + j. What are the prime factors of (8/(-6))/(j/(-9))?
2
Suppose 70 + 136 = 3*m + 4*c, -4*c = 4*m - 276. List the prime factors of m.
2, 5, 7
Let q be 0*(3 - 2) + 1. List the prime factors of ((-15)/(-10))/(q/2).
3
Suppose 5*z + 5 = -0*z. List the prime factors of (-55)/(-6) + z/6.
3
Suppose -5*a = -k - 0*a + 10, -3*k - 3*a - 6 = 0. Let g be -1 - -6 - (2 + k). Suppose -2*f + 10 = 3*j - 15, 32 = g*f - j. What are the prime factors of f?
11
Suppose -h + z = -2*z - 38, 131 = 2*h + 5*z. List the prime factors of h.
53
Let j(r) be the second derivative of -r**5/20 + 11*r**4/12 + 6*r**2 + 22*r. Suppose -5*d - w = -52, 2*d = -4*w - 0*w + 10. What are the prime factors of j(d)?
2, 3
Let v(o) = o**3 - 6*o**2 - 4. Let p be v(3). Let t = 61 + p. What are the prime factors of t?
2, 3, 5
Let x(g) = g**3 - 7*g**2 + 5*g - 2. What are the prime factors of x(7)?
3, 11
Let r(q) = 2*q**2 + 5*q + 2. Let k be r(-3). Suppose -80 = -0*a - k*a. List the prime factors of a.
2
Let j(w) = w**2 + 2*w - 7. What are the prime factors of j(5)?
2, 7
Let g be (-83)/3 + 4/6. Let c = g + 38. What are the prime factors of c?
11
Let l = 104 - 58. List the prime factors of l.
2, 23
Suppose -3*i + 2*i = -5*n + 246, -4 = -i. List the prime factors of n.
2, 5
Suppose -3*q = -2*q, 2*q = 3*o + 81. Let m be (1 + -4)*(-9)/o. List the prime factors of (-1 - -4)/m + 7.
2
Let n = 58 + -33. What are the prime factors of n?
5
List the prime factors of 8*(-1 - -8) - 1.
5, 11
Let a = -7 - -4. Let x = a + 6. What are the prime factors of x?
3
Suppose -4*f + 72 = 4*g, 0 = -5*f + 2 + 18. List the prime factors of g.
2, 7
Let d be (-4)/10 + (-77)/(-5). Suppose -d = -4*a + z + 1, 0 = 3*a - 2*z - 7. List the prime factors of a.
5
Let v(x) be the third derivative of -x**5/60 - 7*x**4/24 - 2*x**3/3 + 2*x**2. Suppose 3*z + 15 = -0*z. What are the prime factors of v(z)?
2, 3
Let k(t) = -4*t**2 + 2*t - 4*t + 0*t**2 + 1 + 6*t**2. Let q be k(4). Suppose r + 0*r = 3*c - 15, 3*r = 4*c - q. What are the prime factors of c?
2
Let s = 19 + -3. List the prime factors of s.
2
Let c = 43 - -223. What are the prime factors of c?
2, 7, 19
Suppose -b = b - 10. Suppose -q - 14 = -3*q - 5*t, -81 = -b*q - t. What are the prime factors of q?
17
Suppose -y + 21 = -3*d, -4*y - 4*d - 1 = -5. Let i(b) = 2*b**2 + 1. Let n be i(-1). Let g = y - n. What are the prime factors of g?
3
Suppose 0 = 3*j + 97 - 319. List the prime factors of j.
2, 37
Let c = 29 + -42. Let w(d) = d**2 + 13*d + 5. What are the prime factors of w(c)?
5
Let j(m) = -2*m**3 - 3*m**2 - m - 7. Let a(l) = l**3 + l + 1. Let p(s) = 4*a(s) + j(s). Let t be p(2). Let g = t - 2. List the prime factors of g.
5
What are the prime factors of (0 + 1)/(13/286)?
2, 11
Suppose 5*p - 165 = -2*b + 7*b, -4*p + 5*b = -128. What are the prime factors of p?
37
Let r(f) = 4*f - 6*f + 0*f - 3. Let b be r(-3). Let t(s) = 3*s - 1. What are the prime factors of t(b)?
2
Suppose 3*v = 5*v - 60. List the prime factors of v.
2, 3, 5
Let j(i) = i - 1. Let o be j(5). Let q = -4 + 10. Suppose -o = -v + q. What are the prime factors of v?
2, 5
Suppose 0 = -3*y + 6. Suppose -5 = -y*p + 21. Suppose -22 = -5*o + p. List the prime factors of o.
7
Let c be (-40)/6*9/(-3). Let m be 15/(-6)*-4*10. Suppose m = 5*a + c. What are the prime factors of a?
2
Suppose y + 11 = -2*s, 4*y + s + 3*s + 24 = 0. Let t = y + 17. List the prime factors of t.
2
Let u(m) = m + 12. Let w be u(-8). Suppose -2*v - w*y + 20 = 0, -v - y + 9 = 2*y. What are the prime factors of v?
2, 3
Let t be -6 + 38 - (0 + 1). Suppose w - t = 7. What are the prime factors of w?
2, 19
Let l = -67 - -51. Suppose 4*r = -m + 11, -3*m + 5*m + 43 = 5*r. Let o = m - l. What are the prime factors of o?
7
Let h be (10 - -2) + 0 + 0. Let l be ((-21)/h)/((-2)/(-8)). Let n = -3 - l. What are the prime factors of n?
2
Let i(l) = -l**3 + 16*l**2 - 2*l - 31. List the prime factors of i(15).
2, 41
Suppose 0 = 4*t + 16, -4*b = b + 3*t - 168. What are the prime factors of b?
2, 3
Suppose -3*b + 662 = 32. What are the prime factors of b?
2, 3, 5, 7
List the prime factors of 6/(8/(1 - -3)).
3
List the prime factors of ((-44)/(-6))/(11/33).
2, 11
Let y = -6 - -8. Suppose y*q + q - 75 = 0. Let a = -7 + q. List the prime factors of a.
2, 3
Let p be 2/5 - (-36)/10. Let z(x) = x**2 + 5*x - 3. Let h be z(3). Suppose h = p*y - y. What are the prime factors of y?
7
Let z = 16 - 14. Let r(b) = -9*b + 7. Let j(x) = -8*x + 6. Let n(u) = -5*j(u) + 4*r(u). List the prime factors of n(z).
2, 3
Let g(v) be the first derivative of v**2/2 + 18*v - 6. List the prime factors of g(0).
2, 3
Let q be (-142)/6 + 2/3. What are the prime factors of (q/(-3) - 2)*3?
17
List the prime factors of (-5)/(-3)*(10 + -1).
3, 5
Let w be (4 - 1) + 1/(-1). Suppose -4*z - 5 = -3*z, 3*z = v - 16. What are the prime factors of 1 - 4/(v - w)?
5
Suppose -y - 234 = -7*y. List the prime factors of y.
3, 13
Let b be 0 + (2/1 - 0). Let g(q) = q**3 - q**2 + q + 1. Let i(o) = -3*o**3 + 2*o**2 + 2*o - 5. Let v(z) = -2*g(z) - i(z). What are the prime factors of v(b)?
3
Let x = 14 + 23. List the prime factors of x.
37
Let u = -2 - -7. Suppose -2*s + u = 3*s. What are the prime factors of -2 - (-8 - (-1 + s))?
2, 3
Suppose -d - 3*d + 136 = 0. Suppose -3 = -5*y - 4*z, d = 5*y - 4*z + 7. List the prime factors of y.
3
Suppose -3*w - 2*w - 55 = 0. Let d = 23 + w. What are the prime factors of d?
2, 3
List the prime factors of 150/(-9)*(0 + -3).
2, 5
What are the prime factors of -2 - (0 - -1 - 62)?
59
Suppose 9*f = 5*f + 140. Let x = f - 11. List the prime factors of x.
2, 3
Let q be 4/(-16) + 1/4. Suppose q = -3*a - 3 + 12. Suppose 5*j - a = 17. List the prime fac